10*z + 5*z - 3*b + 127 = 0, -5*z = 4*b - 131. What is the greatest common factor of u and z?
23
Suppose -a - 9 + 4 = 0. Let p(m) = -9*m - 3. Let r be p(a). Calculate the highest common divisor of r and 14.
14
Let c(o) = o**2 - 11*o - 208. Let g be c(24). What is the highest common divisor of 65 and g?
13
Suppose -136*a + 151*a - 315 = 0. Calculate the highest common factor of a and 3171.
21
Let c be (0/7 + 2)*13*1. Suppose 5*s + h - 601 = 0, -2*s - 2*s = 3*h - 472. Let d = s - 82. What is the highest common divisor of c and d?
13
Let f = -272 + 517. Let p = -146 + f. Calculate the greatest common divisor of p and 33.
33
Suppose 0*o = -2*o + 50. Let b = 7 - 7. Let w be (b - 10)/(2 + -4). Calculate the greatest common divisor of w and o.
5
Let r = 91 + -55. Suppose 5*a - 5*b - 25 = 0, a - 3*b - 12 + 1 = 0. Calculate the greatest common divisor of r and a.
2
Suppose -g - 1 = 4*k, k + 4*g + 5 - 1 = 0. Suppose k = 5*z - 1363 - 257. Suppose -4*p = -p, 2*m - 5*p = z. What is the highest common factor of 18 and m?
18
Let c(o) = -o + 36. Let k = 130 - 119. Let a be c(k). Calculate the highest common factor of 200 and a.
25
Suppose -g = 2, 0 = -3*c + g + g + 223. Let m = c + -61. What is the highest common divisor of 3 and m?
3
Let l = -60 + 86. Suppose 2*o = -5*t + 79, 2*t + 4*o - 49 = -11. Let d = 11 + t. Calculate the greatest common factor of d and l.
26
Let z = 85 - 80. Suppose 327 = 3*s - 3*q, -q - 41 - 500 = -z*s. Calculate the greatest common factor of s and 27.
27
Suppose -4*z - 5*n + 79 = 0, 7 = 3*n - 2. Let y = z - 4. What is the highest common factor of y and 36?
12
Let w = -645 + 697. What is the highest common divisor of w and 988?
52
Let l(a) = 14*a**2 + 82*a - 320. Let k be l(4). What is the greatest common divisor of k and 87?
29
Let d(x) = -35*x - 1882. Let n be d(-54). Let g = 3 - -1. Calculate the greatest common divisor of g and n.
4
Let t be (-20)/15*(-15)/2. What is the greatest common factor of t and 530?
10
Let f(i) = i**2 - 4*i + 4. Let l be f(6). Let z be 13 - (5/5)/1. Let j = z - -20. Calculate the highest common divisor of l and j.
16
Suppose 12*z - 168 = 1056. Calculate the highest common divisor of z and 6.
6
Suppose -u + 7700 = 10*u. Suppose -22*h = -27*h + u. What is the greatest common factor of 20 and h?
20
Suppose -49*y = -37*y - 120. Let j be ((-4)/(-3))/((-8)/(-660)). Calculate the highest common divisor of j and y.
10
Suppose -2*r - 4*u = 2*r - 12, 0 = 5*u. Let b(t) = -t**2 + 5*t - 4. Let n be b(r). Calculate the greatest common factor of 2 and n.
2
Let g(t) = t**3 + 3*t**2 - 10*t + 7. Let r be g(-5). Let k(f) = -37*f - 2. Let v be k(-1). What is the greatest common factor of v and r?
7
Let h(v) = -26*v - 492. Let r be h(-19). What is the greatest common divisor of 34 and r?
2
Suppose 2*y - 12*k + 15*k = 56, 0 = -3*y - 2*k + 94. Calculate the greatest common divisor of y and 119.
17
Suppose 0*x - 3*x = -5*r - 20, 2*r = 4*x - 8. Let v = 6 - x. Let g be 80/28*21/v. What is the highest common divisor of g and 30?
10
Let y = 953 - 949. What is the highest common divisor of 46 and y?
2
Suppose 3*x + 0*x = -6, -4*t - 2*x + 392 = 0. Let q = 45 - 34. Suppose -3*o + 2*o = -q. What is the greatest common factor of o and t?
11
Suppose 0 = -h + y, y + 0*y - 4 = 0. Suppose 37 = 2*w + 5*q, -2*w + 4*q - 2 = w. Suppose -3*j = -w*j + 3. What is the highest common factor of h and j?
1
Let n be 137 - -1 - (-13)/(-52)*8. Calculate the highest common divisor of 85 and n.
17
Let d = 69 - -217. What is the highest common divisor of 104 and d?
26
Let v(t) = t**2 - 5*t + 104. Let k be v(0). Let c = -83 + k. Calculate the highest common factor of 231 and c.
21
Let m be 64/6 + 8/24. Suppose 3*d = -10 + 175. Calculate the highest common factor of m and d.
11
Suppose -5*u = -2*m + m + 255, -5*m + 1297 = -3*u. Let b(n) = 27*n**2 - 1. Let h be b(1). Calculate the highest common divisor of h and m.
26
Suppose 32 = l - 8*z + 5*z, -z = 5. What is the highest common divisor of l and 272?
17
Let x be -14*(70/(-10) + 3). Calculate the greatest common divisor of 8 and x.
8
Suppose 0 = 4*i + 3*i - 1722. Suppose 2*n + 5*s - 105 = 0, 2*s = 5*n - 2*s - i. Calculate the highest common factor of 20 and n.
10
Let x = 188 - 66. Let i = x + -20. Let g be (-11 - -5)*i/(-4). What is the highest common factor of g and 17?
17
Let r be 8 + 688/(-88) + (-920)/(-22). What is the highest common divisor of r and 6?
6
Let m = -28 - -58. Suppose -2*u + 352 = m. Suppose -5*x + 2*x = -69. Calculate the highest common factor of u and x.
23
Let w = 35 - 21. Let d be (-1572)/(-48) + (-1)/(-4). Suppose 103 = a + d. What is the greatest common divisor of a and w?
14
Suppose -3*c = 117 - 114. Let t be (-12)/(-2 - c)*1. Calculate the highest common factor of t and 216.
12
Suppose 0 = -0*l - 3*l + 24. Suppose 23 = m + l. Suppose 5 = 5*z, -2*p + 3*p + 2*z = 77. Calculate the greatest common divisor of m and p.
15
Let y = -423 - -707. Calculate the greatest common divisor of y and 71.
71
Suppose -4*p + 5*j + 93 = -0*p, 0 = 4*j - 12. Calculate the greatest common factor of 108 and p.
27
Suppose 32*y = -2260 + 10164. Calculate the greatest common divisor of y and 57.
19
Suppose -2*t - 1 = -7. Suppose 5*p = -4*k + 33, 11 = t*k + p - 0. Let x = k + 8. Calculate the greatest common divisor of 4 and x.
2
Suppose 50 = 5*z - 5*s, -3*s = 2*z + 9 - 39. Suppose -z = -5*r + 2*b, -3*r - 7 = -4*r + 5*b. What is the greatest common divisor of r and 5?
1
Let l be 3398 + (13 - (13 - 13)). What is the highest common divisor of 9 and l?
9
Suppose 5*b + 31 = 4*o, -3*b - 9 = -3*o + 15. Calculate the greatest common divisor of 138 and o.
3
Let w be 12*2/64 - (-5034)/16. What is the highest common factor of 9 and w?
9
Suppose 0 = -13*h + 11*h - 10, 5*v = -3*h + 685. Let w be (-1)/2*(-39 - 1). Calculate the highest common divisor of w and v.
20
Let s be -4 + (104/(-65))/(10/(-525)). Suppose j + 92 = 3*b, -j = 4*b - 4*j - 116. Calculate the highest common factor of b and s.
16
Let t(x) = -x**3 + 9*x**2 + x - 4. Let u be t(9). Suppose 0 = -3*m - u*f + 79, -3*f = 3*m - 6*f - 87. Calculate the greatest common divisor of m and 4.
4
Let m = 663 - 642. What is the greatest common factor of m and 9?
3
Let c(m) = -m + 5. Let z be c(-5). Suppose 40 = 5*u + z. Calculate the greatest common factor of 12 and u.
6
Suppose -2*a + 12 = 2. Suppose -20 = -a*s - 2*x, 2*s - 5*x + 0*x = -21. Let o(v) = 11*v**2 - v. Let t be o(1). Calculate the highest common divisor of s and t.
2
Let l(b) = b**3 - b**2 + b + 105. Let n be (0/(-7))/(5 - 2). Let f be l(n). What is the highest common divisor of 21 and f?
21
Suppose -3*l + 0*l = 4*q - 310, q = -3*l + 298. Suppose -3*s - 51 = -120. Suppose 2*a = k - 12, 3*k + a = 20 + s. What is the highest common factor of l and k?
14
Suppose 4*u + 76 = -4*x + 6*x, -5*x = 2*u - 202. Let o = 233 - 217. What is the greatest common divisor of x and o?
8
Let g = 1639 + -1343. What is the highest common divisor of g and 518?
74
Let v(r) = r**3 + 10*r**2 + 6*r + 5. Let m be v(-9). Suppose 6*a - m = 4*a. Let h = a + -4. Calculate the greatest common divisor of h and 108.
12
Let w be 15*3*(-11)/(-33). Suppose 35*r = 30*r + 225. What is the greatest common divisor of r and w?
15
Let i(v) = 10*v - 11. Let f = 12 + -4. Let l be i(f). Suppose 0 = -0*g + 3*g + 2*n - 77, 0 = 4*g + n - 96. Calculate the greatest common factor of l and g.
23
Suppose -365 = -50*h + 635. Suppose 2*b - 46 = 34. Calculate the highest common divisor of h and b.
20
Let b be (9 + -7)*39*3/(-6). Let t be (90/10 + b)/(6/(-16)). Calculate the highest common divisor of t and 64.
16
Let k(n) = -2*n**3 + 3*n**2 - 2*n - 8. Let a be k(-2). What is the highest common divisor of 324 and a?
12
Let m = -26 + 28. Let l be 2*(m/4 - -1). Suppose 0 = -q + 3 - 2. Calculate the highest common divisor of q and l.
1
Let w be (-19)/((-5)/((-5)/(-1))). What is the greatest common factor of 133 and w?
19
Let x = 1001 + -993. Calculate the highest common factor of 1576 and x.
8
Let d = -27 - -355. Suppose 5*s - 832 = d. What is the greatest common divisor of s and 29?
29
Suppose 0 = -d - 3*p + 9, -5*d - 2*p - 3*p = -5. Let l be -5 - d - (4 - -10). Let m = l - -32. Calculate the highest common divisor of 16 and m.
16
Let c = -3296 + 3301. Let k(x) = x**3 + 